r of r and w.
15
Suppose -10*a - 595 = -2205. Calculate the highest common divisor of a and 23.
23
Suppose 0 = 8*t - 4*t - 2*c - 570, 4*c - 745 = -5*t. Let d = t - 85. What is the greatest common divisor of d and 12?
12
Let r be 4/(-2) + (-3)/3*7. Let z be (8/52 + 428/(-78))*r. What is the greatest common divisor of 6 and z?
6
Suppose o + 397 = -4*c + 1390, 5*c + 5*o - 1260 = 0. Calculate the greatest common factor of 39 and c.
13
Let z be -4 + 4 + 243/3. Suppose 4*r - z = r. Suppose -4*s = -r - 85. What is the greatest common factor of s and 252?
28
Let c be ((-170)/(-8))/(69/1656). What is the highest common factor of c and 102?
102
Let g(b) = 4*b - b**2 + 38 - 1 + 4*b. Let m be g(8). What is the greatest common factor of 74 and m?
37
Suppose -2*w - 2*w = -436. Suppose -p - x + 91 = -75, 4*p - 658 = -x. Let t = p - w. Calculate the greatest common divisor of 11 and t.
11
Let i(v) = -v**2 + 23*v + 136. Let h be i(24). Calculate the highest common factor of h and 480.
16
Let x be 2*4*(-28)/(-7). Let p be 2*-10*160/(-25). What is the greatest common divisor of p and x?
32
Let a be 13/65 - (328/(-10) - 2). What is the highest common factor of a and 35?
35
Let i(v) = v + 2. Suppose 2*g = 7 + 7. Let l be i(g). Let c be l/3*16/3. What is the highest common divisor of c and 2?
2
Suppose -4*q + 592 = 3*j - 5*j, -3*q = -5*j - 430. Calculate the highest common factor of 120 and q.
30
Suppose 2*x - 10 = -0*x. Suppose -4*o + 0*o = 0. Suppose o = x*v - 6*v + 21. What is the greatest common divisor of 63 and v?
21
Suppose -h = -4*h + 273. Suppose q = p + 2*q - h, -3*q - 87 = -p. What is the greatest common factor of p and 10?
10
Let h(a) = -3*a - 2. Let s be h(-2). Let u(z) = 4*z**2 - z - 5. Let i be u(-3). Suppose -i + s = -2*o. Calculate the greatest common factor of o and 15.
15
Let c(w) = w**3 + 4*w**2 + 3*w - 14. Let x be c(3). What is the greatest common factor of x and 87?
29
Let p = -41 - -24. Let x(b) = b**2 - 8*b - 7. Let n be x(p). Calculate the highest common factor of 38 and n.
38
Let c = 9 - 3. Suppose 0 = -0*p - 3*p + c. Suppose 5*w = 3 + p, s = 3*w + 48. Calculate the greatest common factor of s and 17.
17
Suppose 2*j - 2*t - 140 = -0*t, 4*t = -j + 70. What is the highest common factor of j and 50?
10
Suppose -10*z + 198 = -122. Calculate the highest common divisor of 32 and z.
32
Suppose -4*l + 26 = -2*l. Let u be -1*(1 - ((-8)/4 + 1)). Let c be (1 + -2 + 2)*(-182)/u. What is the highest common factor of c and l?
13
Suppose -9*f - 675 = -24*f. Suppose -4*d + d = -f. Let o = -150 - -210. What is the highest common divisor of o and d?
15
Suppose 74*z = 19*z + 7425. What is the greatest common factor of 1305 and z?
45
Suppose -i - 3*i + 4 = -4*b, 4*i = -5*b - 32. Let c be 6 + 2 + 2 + b. Calculate the greatest common divisor of c and 18.
6
Let q(j) = 3*j**2 - 13*j + 4. Let o be q(9). Suppose 0 = -5*d - h + 63, 69 = 17*d - 12*d - 2*h. What is the highest common divisor of o and d?
13
Let i(z) = 4*z**2 + 4*z - 5. Let j be i(5). Let p = 163 - j. Calculate the greatest common factor of 32 and p.
16
Let d(k) = k**2 + 9*k + 8. Let z be d(-8). Suppose z*r - 3*r = -18. Suppose -2*m = -5*m + r. Calculate the highest common factor of 22 and m.
2
Let c(w) = -155*w - 158*w + 0 - 10 + 2*w**2 + 314*w. Let s be c(8). What is the greatest common factor of s and 14?
14
Let l be ((-14)/(-14))/((-3 - -2)/4). Let h be (-2811)/(-33) - 1/((-22)/l). Calculate the greatest common factor of 34 and h.
17
Let v be (-2)/(2*7/(-21)). What is the greatest common divisor of v and 567?
3
Let u(t) = t**3 + 10*t**2 - 66*t - 6. Let f be u(5). Calculate the highest common divisor of f and 6.
3
Suppose 9*m + 434 = 16*m. Let s = 74 - m. What is the greatest common factor of s and 18?
6
Let s(d) = 2*d**2 + 23*d - 83. Let b be s(-27). Calculate the greatest common divisor of 58 and b.
58
Let p = 462 + -241. Calculate the greatest common factor of 17 and p.
17
Suppose 2*z + 47 = 53. Suppose 626 - 2507 = -z*p. Calculate the greatest common divisor of 57 and p.
57
Let h = -201 - -213. What is the greatest common factor of 444 and h?
12
Let z be 0*(-3)/15 + 160. Calculate the highest common divisor of 128 and z.
32
Let f = 58 + -33. Suppose 44 = 77*b - 7656. Calculate the highest common factor of b and f.
25
Suppose 3*b = 8*b. Suppose -m + b*m + 3 = -i, -4*m - 4*i + 4 = 0. Let t be (108/(-24))/(m/(-4)). Calculate the greatest common divisor of 63 and t.
9
Let v = -367 - -418. Let k be 1*1*(-2)/(-2). Suppose -5*a + 97 = 3*p, -4*a - 5 + k = 0. Calculate the greatest common divisor of p and v.
17
Let s(y) = y**2 + 18*y + 43. Let j be s(-17). Suppose -p - p + 2*z = -j, -2*p - 4*z + 2 = 0. Calculate the highest common divisor of 27 and p.
9
Let d(n) = 12*n**2 + 30*n + 102. Let h be d(-3). Suppose 2*k + 47 = -159. Let y = k + 151. What is the greatest common divisor of y and h?
24
Suppose -2*h = -3*x - 2*x - 34, -h + 2 = 5*x. Suppose -2*y + 10 = -14. What is the greatest common factor of y and h?
12
Suppose 2*o + 20 = 6*o. Suppose p + 119 = 5*p - u, 0 = o*p + u - 151. What is the highest common divisor of p and 75?
15
Let i(r) = -r**3 + 6*r**2 + 7*r + 4. Let y be i(7). Suppose 3*m + 11 = y*m. Let u = -454 + 531. What is the greatest common divisor of u and m?
11
Suppose q - 5 = 11. Let p(y) = 1. Let k(f) = -f**2 + 11*f + 16. Let o(s) = -k(s) + 6*p(s). Let g be o(14). Calculate the highest common factor of q and g.
16
Let h be (-645)/(-12) + 1/4. Let n = -36 + h. What is the highest common factor of n and 36?
18
Let f = 5 - -1. Let y be 10/(-15) - 51/(-9). Suppose -y*i + 150 = -180. Calculate the highest common factor of i and f.
6
Suppose c - 243 = -8*c. Calculate the greatest common divisor of 99 and c.
9
Let t = 571 - 567. What is the greatest common factor of t and 39?
1
Let l(d) = d**2 + 11*d - 15. Let r(n) = -n - 20. Let c be r(-6). Let i be l(c). Calculate the highest common factor of 135 and i.
27
Suppose 3*q - 2*r - 6 = 0, 0 = 3*q + 3*r + 10 - 1. Suppose -4*f + 5*f - 8 = q. Suppose -52 + 148 = 3*u. Calculate the highest common divisor of u and f.
8
Let s = 34 - 10. Let d be 2 - 0 - (-5 + 144). Let r = -131 - d. Calculate the greatest common factor of r and s.
6
Let u be 2/11 - (-78993)/1441. Let b = -15 + 26. Calculate the highest common divisor of u and b.
11
Let v be (-6)/(-9) + (-48)/(-9). Let c be 501/33 - v/33. What is the greatest common divisor of c and 105?
15
Let y = -1540 - -1684. What is the highest common factor of 156 and y?
12
Suppose 52 = 15*a - 14*a. What is the highest common divisor of a and 26?
26
Let f = 1208 - 1138. What is the greatest common divisor of 30 and f?
10
Let s(z) = -z**3 - 33*z**2 - z + 75. Let l be s(-33). What is the greatest common factor of 12 and l?
12
Suppose -55*w + 149 + 841 = 0. What is the greatest common factor of w and 8?
2
Let m be (-159)/(-6) + 2/4. Suppose 4*z = -4*q + 344, -2*q + 2*z + 216 = 64. What is the highest common factor of m and q?
27
Suppose 0 = -2*f + 3*f + 2, f = 3*n - 767. What is the greatest common divisor of 51 and n?
51
Let y = 1141 - 1099. What is the highest common divisor of y and 448?
14
Suppose 0 = -16*h - 276 + 1172. What is the greatest common factor of 8 and h?
8
Suppose -8*l + 31*l = 1656. What is the greatest common divisor of 9 and l?
9
Let l = -28 + 33. Suppose -l*a + 3 - 28 = 0, -2*j = 2*a - 44. What is the greatest common factor of j and 81?
27
Let f(p) = -5*p**3 - 12*p**2 + p + 3. Let s be f(-3). Calculate the greatest common factor of s and 297.
27
Let w(j) = j**2 + 46*j + 362. Let h be w(-10). Let z = -2 + 5. What is the greatest common divisor of h and z?
1
Let x = 9 + -31. Let y be 0/((-4)/(-2)) + x. Let h be y/(-3) + (-2)/6. What is the greatest common factor of h and 21?
7
Let v be (0 - 7) + 15/((-165)/(-154)). Suppose -112 = -r - r. Calculate the greatest common divisor of r and v.
7
Suppose -4*b - 2*n + 0 = -2, -2*n - 12 = -3*b. Let q = -10 - b. Let i be 9/q - (-686)/8. What is the greatest common divisor of 17 and i?
17
Let r = 592 - 477. What is the highest common divisor of r and 253?
23
Let n be (440/(-77))/(0 + (-4)/112). Calculate the highest common factor of 180 and n.
20
Let m be 0 + 1*-1 - -34. Let z be 1264/(-32)*-2 - -20. What is the highest common divisor of m and z?
33
Let l = -